v be 1/(f/((-58)/2)). Suppose -u + 2*u = -4*r - 9, -4*u - 3*r = -v. What are the prime factors of u?
11
Suppose 3*v = -4*k - 7, -v = -2*k - 2*k - 19. Suppose -v*a - 13 = -4*a. List the prime factors of a.
13
Suppose -2*q - 6 = -2*d, 3*q - d - 3 = -q. Suppose q*c + 0*c - 14 = 0. List the prime factors of c.
7
Suppose -5*d = -76 - 29. Let n = -11 + d. Let h = 6 + n. List the prime factors of h.
2
Suppose -d + 123 = -110. List the prime factors of d.
233
Let z(a) = -10*a - 3. Let b(v) = 11*v + 2. Let u(f) = -4*b(f) - 3*z(f). What are the prime factors of u(-1)?
3, 5
Let p(a) = -8*a**3 + 5*a**2 + a + 11. Let v(z) = 7*z**3 - 5*z**2 - 2*z - 10. Let o(x) = -6*p(x) - 7*v(x). List the prime factors of o(6).
2
Suppose -3*v = -0*v + 3. Let h(a) = -31*a - 2. List the prime factors of h(v).
29
Let f(t) = 5*t - 5. Let u be (3/6)/(4/32). List the prime factors of f(u).
3, 5
Let x = 66 + -35. What are the prime factors of x?
31
What are the prime factors of (52/6)/(10/45)?
3, 13
Let d(x) = 8*x + 2. List the prime factors of d(2).
2, 3
Let p(c) = c**2 - 4*c + 4. Let z be p(6). Suppose q = -q + z. What are the prime factors of q*(1 - (0 - 0))?
2
Suppose 4*g - 121 = -2*n + 71, 4*n - 5*g = 384. Suppose -3*f = -5*f - 3*i + n, -5*i - 80 = -2*f. List the prime factors of f.
3, 5
Let m = 64 + -39. Suppose -m - 11 = -4*h. What are the prime factors of h?
3
Let v(n) = 3*n - 1. Let r(o) = 2*o - 1. Let g(y) = -4*r(y) + 3*v(y). What are the prime factors of g(7)?
2
Suppose 0 = z + 2*z - 6. Suppose -2*l + 26 = 4*m + l, 0 = -5*m - z*l + 29. Suppose 3*c - 26 = -m*y, -4*y + c + 34 = 3. What are the prime factors of y?
7
Let o be (-188)/(-8)*1*2. Let p = o + -33. List the prime factors of p.
2, 7
List the prime factors of (-1)/(4/8) + 16.
2, 7
What are the prime factors of (2 + -20)*2*(-7)/3?
2, 3, 7
Suppose -2*p = -d - 17, -3*p + 20 = 2*d - 2. Let n = p + 1. What are the prime factors of n?
3
Let q be (-3)/(-3) - 38/1. Let c = -19 - q. What are the prime factors of c?
2, 3
Let p = 2 - 0. List the prime factors of 2*8*1/p.
2
Let r be 110/7 - (-16)/56. Suppose n - 47 = -k - r, -4*k = -2*n - 130. List the prime factors of k.
2
What are the prime factors of (1/(-2))/((-3)/162)?
3
Let f be 6/(-27) + (-56)/(-9). Suppose f*p - p = 125. Suppose 0 = -2*l + p - 1. List the prime factors of l.
2, 3
Let h(t) be the second derivative of -5*t**3/3 + t**2 + 5*t. List the prime factors of h(-1).
2, 3
Suppose 0 = 3*h + 1128 - 204. List the prime factors of (h/49)/(4/(-14)).
2, 11
Let s = 5 - -10. What are the prime factors of s?
3, 5
Suppose -6 = -2*i + 12. Suppose -i = -4*z - 2*q + 25, 0 = z + 3*q - 6. Suppose -4*g + 5*g - z = 0. What are the prime factors of g?
3
Let x = -68 - -111. What are the prime factors of x?
43
What are the prime factors of (-21)/(-1 - 8/(-12))?
3, 7
Let i = -5 + 10. Suppose -i*q + u + u + 75 = 0, -2*q + 46 = -4*u. Let v = q - 3. List the prime factors of v.
2, 5
Let h = -6 - -14. Let d = h + 7. List the prime factors of d - 1/((-1)/2).
17
Suppose 3*o = 5*r - 80, -3*o - 28 = 3*r - 4*r. Let t = r - -38. What are the prime factors of t?
3, 17
Let d(r) = r**3 - 7*r**2 - 6*r - 6. List the prime factors of d(8).
2, 5
Let b be (-116)/14 - 4/(-14). Let w be 4 + 7/((-14)/(-18)). Let y = w + b. List the prime factors of y.
5
Suppose 0 = 2*q - 10, 5*m + 0*m + 5*q = 55. Let s be (-95)/m + 6/(-36). Let l = s + 22. What are the prime factors of l?
2, 3
Let o = 44 - 75. List the prime factors of (-4)/2 - (0 + o).
29
Let j(c) = -c**2 - 4*c - 3. Let k be (5/(-5))/(2/6). Let s be j(k). Suppose s = -z - 4*u - 11, -2*u + 3*u + 29 = 5*z. What are the prime factors of z?
5
Let g be -2*(-2)/(12/(-9)). Let a be 1/(-4) + 15/(-4). List the prime factors of 1*g*(-6 - a).
2, 3
Let z = -2 + 8. Let u(q) = -q**2 + 7*q + 4. List the prime factors of u(z).
2, 5
Let g be -5 - (-1 + 3 - 3). What are the prime factors of (0 - -4) + (g - -44)?
2, 11
Let m(s) = s - 5. Let p be m(5). Suppose -f + 1 + 9 = p. What are the prime factors of f?
2, 5
Let a = 13 - 10. Let b = 2 + a. What are the prime factors of b?
5
Let t(l) = l**3 - 9*l**2 - 10*l + 7. Let c be t(10). Let u = 6 + c. What are the prime factors of u?
13
Suppose -4*s + 4*v + 684 = 0, 3*v + 1073 - 208 = 5*s. List the prime factors of s.
2, 11
Let y(b) = -b**3 - 10*b**2 + 11*b. Let f be y(-11). Suppose 3 = h + 3*m, -5*m + 0*m - 25 = f. What are the prime factors of h?
2, 3
Let w be (-60)/(-7) + (-45)/(-105). Let l = 0 + w. What are the prime factors of l?
3
Let x = -43 - -101. List the prime factors of x.
2, 29
Let f(c) = -c**2 + 6*c + 7. Let a be f(7). Suppose 2*z - 25 = -3*z, a = -3*g + 2*z + 77. Let h = -20 + g. List the prime factors of h.
3
Suppose 2*c = -4*c + 198. List the prime factors of c.
3, 11
Suppose 3*i - 40 - 38 = -3*a, -2*i + 64 = 5*a. List the prime factors of i.
2, 11
Let b = -13 - -126. What are the prime factors of b?
113
Let h = -4 - -6. Suppose -h*t - 2*t = -28. Suppose t*k - 55 = 2*k. What are the prime factors of k?
11
Suppose -3*d - 710 = -13*d. What are the prime factors of d?
71
Suppose 0 = 6*y - 3*y - 219. List the prime factors of y.
73
Let c = 50 + -37. List the prime factors of c.
13
What are the prime factors of (12/(-20))/(2 + (-222)/110)?
3, 11
Suppose 2 + 8 = 3*o + 4*x, -4*x = o - 6. Suppose -o*v - 4 = -4*v. Suppose 7*g = v*g + 20. List the prime factors of g.
2
Let w be 2/6 - 8/(-3). Suppose 5*l = -5*g + 45, -g + 0*g = -w*l + 27. Let c = l - 2. What are the prime factors of c?
7
Suppose -3*g + 6*g = 5*x - 208, 2*x + 3*g - 100 = 0. List the prime factors of x.
2, 11
Let k be (-10)/5 - (-29 + 1). Suppose 4*g - k = 2*g. List the prime factors of g.
13
Suppose 0*a - 4*a = 0. Suppose 2*c + 0 - 18 = a. List the prime factors of c.
3
Let g(k) = k**2 - 5*k + 10. What are the prime factors of g(10)?
2, 3, 5
Let f(j) = -j**2 + j + 1. Let v(s) be the first derivative of -s**3/3 + 13*s**2/2 + 12*s - 2. Let l(p) = 2*f(p) - v(p). What are the prime factors of l(-9)?
2
What are the prime factors of 30/(-5)*(-2)/4?
3
Suppose -4*a = -47 + 19. List the prime factors of a.
7
Suppose -n = -3, n + 2*n - 17 = -4*i. List the prime factors of i.
2
Let g(p) = 0*p**3 + 3 + 2*p**3 - 3*p + p**3. Suppose 11*o + 0*o = 22. List the prime factors of g(o).
3, 7
Let v = -3 + 2. Let j(t) = -t - 1. Let q be j(v). Suppose -2*r + 3*i + 13 = q, -r - 5*i - 35 = -6*r. What are the prime factors of r?
2
Let p be 3 + -5 + -1 + 16. What are the prime factors of -1 - (-1*p + 0)?
2, 3
Let p be 332/14 - (-10)/35. Let f = -11 + p. What are the prime factors of f?
13
List the prime factors of (-28)/7 + 1 + 1*129.
2, 3, 7
Let f(h) = h**3 - 9*h**2 + 8*h - 6. What are the prime factors of f(10)?
2, 3, 29
Let l = -71 + 119. What are the prime factors of l?
2, 3
Suppose -4*q + 0*q = -2*o + 2, 1 = o + q. Let a = 2 + o. List the prime factors of a.
3
Let s = 64 + -35. Let q = s + -13. What are the prime factors of q?
2
Let v(l) = l**2 - 7*l + 8. Let h be v(6). Suppose h*o = -o + 24. What are the prime factors of o?
2
Let q(y) = 2*y**2 + 6*y - 21. What are the prime factors of q(-7)?
5, 7
Suppose -2 + 12 = -5*a. Let m be -4 + a/1 + 0. List the prime factors of (-4)/m*(-18)/(-4).
3
Let f(h) = h + 10. Let q be f(-8). Let g be q + 2 + -16 + 3. Let i = -2 - g. What are the prime factors of i?
7
Suppose 10*b - 170 = 5*b. Let s be 8/(-4)*b/(-4). Suppose 4*l - 56 = -4*u, 6*l - 3*l - s = 2*u. List the prime factors of l.
3
Let x = -32 + 36. List the prime factors of x.
2
Let x(q) = -q**3 - 6*q**2 + 7*q + 4. Let s be x(-7). Suppose -3*l - 4*j - 2 = -14, -3*l = -s*j - 12. What are the prime factors of l?
2
What are the prime factors of (-4 - -8) + -7 - -12?
3
Suppose 7*y - 412 = -111. List the prime factors of y.
43
Let p(v) = 0*v + 5 + 3*v + 10 - 2*v. What are the prime factors of p(0)?
3, 5
List the prime factors of (4/4)/(1/9).
3
Let l(v) = -v + 0 - 2*v + 0. What are the prime factors of l(-3)?
3
Let q be (1 - 0) + (-3 - -36). Let t = q + -21. Suppose 5*c - 78 = -t. What are the prime factors of c?
13
Suppose -4*m + 162 + 2 = 0. Suppose -m = -4*f + 23. List the prime factors of f.
2
Let l(s) = s**3 + 13*s**2 - 4*s - 2. What are the prime factors of l(-13)?
2, 5
Let h(z) = 3*z**2 + 2. List the prime factors of h(-4).
2, 5
Let t(u) = -u**3 - 7*u**2 + 8*u + 1. Let f(p) = -2